
{"id":1147,"date":"2021-03-23T12:33:09","date_gmt":"2021-03-23T11:33:09","guid":{"rendered":"https:\/\/przedszkole14.edu.wroclaw.pl\/?page_id=1147"},"modified":"2026-01-29T10:32:08","modified_gmt":"2026-01-29T09:32:08","slug":"rekrutacja","status":"publish","type":"page","link":"https:\/\/przedszkole14.edu.wroclaw.pl\/index.php\/rekrutacja\/","title":{"rendered":"Rekrutacja"},"content":{"rendered":"<div class=\"wpb-content-wrapper\"><p>[vc_row][vc_column][vc_column_text css=&#8221;&#8221;]Szanowni Rodzice, Drodzy Opiekunowie,<br \/>\nje\u015bli Pa\u0144stwa dziecko jest kandydatem do przedszkola na rok szkolny 2026\/2027 mo\u017cecie skorzysta\u0107 z mo\u017cliwo\u015bci z\u0142o\u017cenia <strong>wniosku rekrutacyjnego w formie elektronicznej z podpisem zaufanym.<\/strong><br \/>\nWszystko mo\u017cna za\u0142atwi\u0107 nie ruszaj\u0105c si\u0119 sprzed ekranu domowego komputera. Od roku 2021 wprowadzono mo\u017cliwo\u015b\u0107 podpisu wniosku profilem zaufanym. Aby skorzysta\u0107 z podpisu zaufanego, trzeba za\u0142\u0105czy\u0107 w systemie dokumenty potwierdzaj\u0105ce spe\u0142nienie okre\u015blonych kryteri\u00f3w. O tym, jakie pliki nale\u017cy do\u0142\u0105czy\u0107, poinformuje system elektronicznej rekrutacji.<br \/>\n<strong><u>Sk\u0142adanie wniosk\u00f3w odbywa si\u0119 drog\u0105 elektroniczn\u0105.<\/u><\/strong><\/p>\n<p><strong>Szczeg\u00f3\u0142y dot. rekrutacji znajd\u0105 Pa\u0144stwo na stronie<\/strong><a href=\"https:\/\/www.wroclaw.pl\/portal\/rekrutacja-szkoly-i-przedszkola-wroclaw\"><strong> www.wroclaw.pl\/portal\/rekrutacja-szkoly-i-przedszkola-wroclaw<\/strong><\/a><\/p>\n<p>&nbsp;<\/p>\n<p><a href=\"https:\/\/przedszkole14.edu.wroclaw.pl\/wp-content\/uploads\/sites\/23\/2026\/01\/BIULETYN-INFORMACYJNY.pdf\">BIULETYN INFORMACYJNY<\/a><\/p>\n<p><a href=\"https:\/\/przedszkole14.edu.wroclaw.pl\/wp-content\/uploads\/sites\/23\/2026\/01\/UDZIAL-W-REKRUTACJI.pdf\">UDZIA\u0141 W REKRUTACJI<\/a><\/p>\n<p><a href=\"https:\/\/przedszkole14.edu.wroclaw.pl\/wp-content\/uploads\/sites\/23\/2026\/01\/HARMONOGRAM-DLA-RODZICOW-ETAP-PODSTAWOWY.pdf\">HARMONOGRAM DLA RODZIC\u00d3W &#8211; ETAP PODSTAWOWY<\/a><\/p>\n<p><a href=\"https:\/\/przedszkole14.edu.wroclaw.pl\/wp-content\/uploads\/sites\/23\/2026\/01\/HARMONOGRAM-DLA-RODZICOW-ETAP-UZUPELNIAJACY.pdf\">HARMONOGRAM DLA RODZIC\u00d3W &#8211; ETAP UZUPE\u0141NIAJ\u0104CY<\/a><\/p>\n<p><a href=\"https:\/\/przedszkole14.edu.wroclaw.pl\/wp-content\/uploads\/sites\/23\/2026\/01\/KRYTERIA-.pdf\">KRYTERIA<\/a><\/p>\n<p><a href=\"https:\/\/przedszkole14.edu.wroclaw.pl\/wp-content\/uploads\/sites\/23\/2026\/01\/INFORMACJE-OGOLNE.pdf\">INFORMACJE OG\u00d3LNE<\/a><\/p>\n<p><a href=\"https:\/\/przedszkole14.edu.wroclaw.pl\/wp-content\/uploads\/sites\/23\/2026\/01\/DZIECI-O-SPECJALNYCH-POTRZEBACH.pdf\">DZIECI O SPECJALNYCH POTRZEBACH<\/a><\/p>\n<p><a href=\"https:\/\/przedszkole14.edu.wroclaw.pl\/wp-content\/uploads\/sites\/23\/2026\/01\/DOCHOD.pdf\">DOCH\u00d3D<\/a><\/p>\n<p><a href=\"https:\/\/przedszkole14.edu.wroclaw.pl\/wp-content\/uploads\/sites\/23\/2026\/01\/KOMUNIKAT.pdf\">KOMUNIKAT<\/a><\/p>\n<p><a href=\"https:\/\/przedszkole14.edu.wroclaw.pl\/wp-content\/uploads\/sites\/23\/2026\/01\/ODWOLANIA.pdf\">ODWO\u0141ANIA<\/a><\/p>\n<p><a href=\"https:\/\/przedszkole14.edu.wroclaw.pl\/wp-content\/uploads\/sites\/23\/2026\/01\/SAMOTNE-WYCHOWANIE.pdf\">SAMOTNE WYCHOWANIE<\/a><\/p>\n<p><a href=\"https:\/\/przedszkole14.edu.wroclaw.pl\/wp-content\/uploads\/sites\/23\/2026\/01\/ODWOLANIA.pdf\">ODWO\u0141ANIA<\/a><\/p>\n<p><a href=\"https:\/\/przedszkole14.edu.wroclaw.pl\/wp-content\/uploads\/sites\/23\/2026\/01\/PODSTAWY-PRAWNE.pdf\">PODSTAWY PRAWNE<\/a>[\/vc_column_text][\/vc_column][\/vc_row]<\/p>\n<\/div>","protected":false},"excerpt":{"rendered":"<p>[vc_row][vc_column][vc_column_text css=&#8221;&#8221;]Szanowni Rodzice, Drodzy Opiekunowie, je\u015bli Pa\u0144stwa dziecko jest kandydatem do przedszkola na rok szkolny 2026\/2027 mo\u017cecie skorzysta\u0107 z mo\u017cliwo\u015bci z\u0142o\u017cenia wniosku rekrutacyjnego w formie elektronicznej z podpisem zaufanym. Wszystko [&hellip;]<\/p>\n","protected":false},"author":15,"featured_media":0,"parent":0,"menu_order":0,"comment_status":"closed","ping_status":"closed","template":"","meta":{"ngg_post_thumbnail":0,"footnotes":""},"class_list":["post-1147","page","type-page","status-publish","hentry","clearfix"],"_links":{"self":[{"href":"https:\/\/przedszkole14.edu.wroclaw.pl\/index.php\/wp-json\/wp\/v2\/pages\/1147","targetHints":{"allow":["GET"]}}],"collection":[{"href":"https:\/\/przedszkole14.edu.wroclaw.pl\/index.php\/wp-json\/wp\/v2\/pages"}],"about":[{"href":"https:\/\/przedszkole14.edu.wroclaw.pl\/index.php\/wp-json\/wp\/v2\/types\/page"}],"author":[{"embeddable":true,"href":"https:\/\/przedszkole14.edu.wroclaw.pl\/index.php\/wp-json\/wp\/v2\/users\/15"}],"replies":[{"embeddable":true,"href":"https:\/\/przedszkole14.edu.wroclaw.pl\/index.php\/wp-json\/wp\/v2\/comments?post=1147"}],"version-history":[{"count":11,"href":"https:\/\/przedszkole14.edu.wroclaw.pl\/index.php\/wp-json\/wp\/v2\/pages\/1147\/revisions"}],"predecessor-version":[{"id":2298,"href":"https:\/\/przedszkole14.edu.wroclaw.pl\/index.php\/wp-json\/wp\/v2\/pages\/1147\/revisions\/2298"}],"wp:attachment":[{"href":"https:\/\/przedszkole14.edu.wroclaw.pl\/index.php\/wp-json\/wp\/v2\/media?parent=1147"}],"curies":[{"name":"wp","href":"https:\/\/api.w.org\/{rel}","templated":true}]}}