
{"id":2,"date":"2016-09-23T17:00:43","date_gmt":"2016-09-23T15:00:43","guid":{"rendered":"http:\/\/przedszkole14.edu.wroclaw.pl\/?page_id=2"},"modified":"2025-04-27T20:28:32","modified_gmt":"2025-04-27T18:28:32","slug":"przykladowa-strona","status":"publish","type":"page","link":"https:\/\/przedszkole14.edu.wroclaw.pl\/index.php\/przykladowa-strona\/","title":{"rendered":"O nas"},"content":{"rendered":"<div class=\"wpb-content-wrapper\"><p>[vc_row][vc_column][vc_column_text css=&#8221;&#8221;]<\/p>\n<div class=\"page-header\">\n<h1 data-normal-size=\"32\"><\/h1>\n<\/div>\n<div class=\"pe-article-content\">\n<div class=\"wpb-content-wrapper\">\n<div class=\"vc_row wpb_row vc_row-fluid\">\n<div class=\"wpb_column vc_column_container vc_col-sm-12\">\n<div class=\"vc_column-inner\">\n<div class=\"wpb_wrapper\">\n<div class=\"wpb_text_column wpb_content_element\">\n<div class=\"wpb_wrapper\">\n<p data-normal-size=\"14\">Budynek naszego zespo\u0142u zosta\u0142 oddany do u\u017cytku w 1960 roku. Mie\u015bci\u0142o si\u0119 w nim przedszkole i \u017c\u0142obek pod zarz\u0105dem WZCH \u201e Chemitex\u201d. W 1997 budynek odp\u0142atnie przekazano Urz\u0119dowi Miasta. Po reorganizacji powsta\u0142 Zesp\u00f3\u0142 \u017b\u0142obkowo \u2013 Przedszkolny. W skutek lipcowej powodzi w 1997 r. budynek uleg\u0142 zniszczeniu. Po trwaj\u0105cym ponad trzy lata remoncie Zesp\u00f3\u0142 wznowi\u0142 swoj\u0105 dzia\u0142alno\u015b\u0107. Powsta\u0142a plac\u00f3wka o wysokim standardzie. Obecnie jest to plac\u00f3wka sk\u0142adaj\u0105ca si\u0119 z czterech oddzia\u0142\u00f3w gdzie przebywaj\u0105 dzieci od 3-ch do 6-ciu lat. Uchwa\u0142\u0105 Rady Miejskiej Wroc\u0142awia Nr LIII\/1329\/14 z dnia 23 stycznia 2014,z dniem 1. 09. 2014 Z\u017bP Nr 2 zosta\u0142 przekszta\u0142cony w Przedszkole nr 14 Kowaliki. Pomieszczenia przedszkolne i ich wyposa\u017cenie, w tym \u015brodki dydaktyczne, pozwalaj\u0105 na realizacj\u0119 przyj\u0119tych program\u00f3w oraz koncepcji pracy przedszkola. Nowoczesne meble i\u00a0k\u0105ciki zainteresowa\u0144, a tak\u017ce atrakcyjne zabawki zach\u0119caj\u0105 dzieci do swobodnej zabawy. Niew\u0105tpliwie ogromnym atutem plac\u00f3wki jest olbrzymi ogr\u00f3d przedszkolny w pe\u0142ni spe\u0142niaj\u0105cy wymogi bezpiecze\u0144stwa, sprzyjaj\u0105cy zabawom na \u015bwie\u017cym powietrzu oraz prowadzeniu obserwacji przyrodniczych.<\/p>\n<\/div>\n<\/div>\n<\/div>\n<\/div>\n<\/div>\n<\/div>\n<\/div>\n<\/div>\n<p>[\/vc_column_text][\/vc_column][\/vc_row][vc_row full_width=&#8221;1&#8243; row_head_color=&#8221;#575656&#8243; bg_style=&#8221;img_fixed&#8221; css=&#8221;.vc_custom_1446719413805{padding-top: 40px !important;padding-bottom: 120px !important;}&#8221;][vc_column text_align=&#8221;center&#8221; cms_title_size=&#8221;h2&#8243;][vc_accordion][vc_accordion_tab title=&#8221;Programy i projekty realizowane u nas&#8221; cms_accordion_bg_color=&#8221;#5f8401&#8243; cms_accordion_border_color=&#8221;#5f8401&#8243;][vc_btn title=&#8221;PROJEKT EDUKACYJNY PO\u015aWI\u0118CONY NIWELOWANU AGRESYWNYCH ZACHOWA\u0143 U DZIECI&#8221; button_type=&#8221;btn btn-green&#8221; link=&#8221;url:https%3A%2F%2Fprzedszkole14.edu.wroclaw.pl%2Fwp-content%2Fuploads%2Fsites%2F23%2F2016%2F11%2Fprojekt_edukacyjny_poswiecony_niwelowaniu_agresywnych_zachowan_dzieci.pdf||target:%20_blank|&#8221;][\/vc_accordion_tab][vc_accordion_tab title=&#8221;Koncepcja pracy&#8221; cms_accordion_bg_color=&#8221;#822b00&#8243; cms_accordion_border_color=&#8221;#822b00&#8243;][vc_wp_text]<\/p>\n<h1 style=\"text-align: center\"><img loading=\"lazy\" decoding=\"async\" class=\"wp-image-1901 alignright\" src=\"https:\/\/przedszkole14.edu.wroclaw.pl\/wp-content\/uploads\/sites\/23\/2025\/04\/p14-300x255.png\" alt=\"\" width=\"293\" height=\"249\" srcset=\"https:\/\/przedszkole14.edu.wroclaw.pl\/wp-content\/uploads\/sites\/23\/2025\/04\/p14-300x255.png 300w, https:\/\/przedszkole14.edu.wroclaw.pl\/wp-content\/uploads\/sites\/23\/2025\/04\/p14-768x653.png 768w, https:\/\/przedszkole14.edu.wroclaw.pl\/wp-content\/uploads\/sites\/23\/2025\/04\/p14.png 863w\" sizes=\"auto, (max-width: 293px) 100vw, 293px\" \/><span style=\"font-size: 36pt\">Koncepcja pracy<\/span><\/h1>\n<p style=\"text-align: center\"><span style=\"font-size: 36pt\"><strong>Przedszkola nr 14 Kowaliki<\/strong><\/span><\/p>\n<p style=\"text-align: center\"><span style=\"font-size: 36pt\"><strong>we Wroc\u0142awiu<\/strong><\/span><\/p>\n<p style=\"text-align: center\"><span style=\"font-size: 36pt\"><strong>na lata 2024-2029<\/strong><\/span><\/p>\n<p>&nbsp;<\/p>\n<p><strong>\u00a0<\/strong>Koncepcja pracy przedszkola oparta jest na celach i zadaniach zawartych w nast\u0119puj\u0105cych aktach prawnych:<\/p>\n<p>&#8211; ustawie Prawo O\u015bwiatowe oraz aktach wykonawczych do ustawy,<\/p>\n<p>&#8211; podstawie programowej wychowania przedszkolnego,<\/p>\n<p>&#8211; Rozporz\u0105dzeniu MEN w sprawie nadzoru pedagogicznego<\/p>\n<p>&#8211; Statucie Przedszkola<\/p>\n<p>\u0179r\u00f3d\u0142a opracowania koncepcji:<\/p>\n<p>Punktem wyj\u015bcia do opracowania koncepcji by\u0142y wymagania wobec edukacji przedszkolnej.<\/p>\n<p><strong>\u00a0<\/strong><\/p>\n<p><strong>Spis tre\u015bci\u00a0\u00a0\u00a0 <\/strong><\/p>\n<ol>\n<li>Diagnoza stanu wyj\u015bciowego \u2013 okre\u015blenie mocnych<\/li>\n<li>Okre\u015blenie misji plac\u00f3wki.<\/li>\n<li>Okre\u015blenie wizji plac\u00f3wki \u2013 o naszym przedszkolu \u2013 warunki pracy<\/li>\n<li>Model absolwenta przedszkola \u2013 prawa dziecka do&#8230;<\/li>\n<li>Rola nauczyciela naszego przedszkola<\/li>\n<li>Wykaz metod pracy stosowanych w przedszkolu<\/li>\n<li>Przedszkolny zestaw program\u00f3w<\/li>\n<li>Priorytety pracy przedszkola<\/li>\n<li>G\u0142\u00f3wne zadania przedszkola na lata 2024-2029.<\/li>\n<\/ol>\n<p><strong>\u00a0<\/strong><\/p>\n<ol>\n<li><strong>Diagnoza stanu wyj\u015bciowego \u2013 okre\u015blenie mocnych stron.<\/strong><\/li>\n<\/ol>\n<p>Opracowanie Programu Rozwoju przedszkola poprzedzone zosta\u0142o analiz\u0105 i diagnoz\u0105 pracy plac\u00f3wki. Diagnoz\u0119 przeprowadzono na podstawie rozm\u00f3w, wywiad\u00f3w obserwacji nauczycieli, rodzic\u00f3w, dzieci i \u015brodowiska lokalnego oraz analiz\u0119 wniosk\u00f3w wynikaj\u0105cych ze sprawozda\u0144 dyrekcji z przeprowadzonego nadzoru pedagogicznego. Wybrane zadania rozwojowe wzmacniaj\u0105 mocne strony plac\u00f3wki.<\/p>\n<p>Wyb\u00f3r zada\u0144\u00a0 uwzgl\u0119dnia r\u00f3\u017cne aspekty pracy wychowawczo-dydaktycznej plac\u00f3wki oraz rozw\u00f3j zawodowy nauczycieli. Niniejsza\u00a0 koncepcja przemy\u015blana i uzupe\u0142niona o wyniki wewn\u0119trznych raport\u00f3w i diagnoz\u0119 stanu obecnego oparta jest na za\u0142o\u017ceniach programu rozwoju na lata 2019\/2024.<\/p>\n<p><strong>\u00a0<\/strong><\/p>\n<p><strong>MOCNE STRONY PLAC\u00d3WKI<\/strong><\/p>\n<p>&nbsp;<\/p>\n<ul>\n<li>Atrakcyjne oferty edukacyjne,<\/li>\n<li>Organizacja imprez, uroczysto\u015bci i wycieczek,<\/li>\n<li>Kontynuacja tradycji,<\/li>\n<li>Udzia\u0142 w konkursach i festiwalach,<\/li>\n<li>Wysoki poziom pracy,<\/li>\n<li>Atmosfera i klimat plac\u00f3wki,<\/li>\n<li>Wyposa\u017cenie przedszkola,<\/li>\n<li>Kwalifikacje i doskonalenie nauczycieli,<\/li>\n<li>Dokumentowanie osi\u0105gni\u0119\u0107,<\/li>\n<li>Zadowolenie rodzic\u00f3w,<\/li>\n<li>Promocja plac\u00f3wki;<\/li>\n<\/ul>\n<p><strong>\u00a0<\/strong><\/p>\n<h2>2.\u00a0 Misja plac\u00f3wki<\/h2>\n<p>&nbsp;<\/p>\n<p>W przedszkolu wspierany jest rozw\u00f3j dziecka, rozpoznaje si\u0119 i zaspakaja jego potrzeby edukacyjne oraz umo\u017cliwia rozw\u00f3j\u00a0talent\u00f3w i zainteresowa\u0144. U podstaw rozwoju plac\u00f3wki le\u017c\u0105 wymagania pa\u0144stwa wobec przedszkoli okre\u015blone w dokumentach Ministerstwa Edukacji.<\/p>\n<p>&nbsp;<\/p>\n<p>Mis\u0105 naszej plac\u00f3wki jest przygotowanie dziecka do tw\u00f3rczego, kreatywnego i odpowiedzialnego poruszania si\u0119 w XXI wieku poprzez:<\/p>\n<p>&nbsp;<\/p>\n<ul>\n<li>Przedszkole zapewnia dzieciom opiek\u0119, dba o ich bezpiecze\u0144stwo psychiczne i \u00a0fizyczne,<\/li>\n<li>Rozpoznaje i zaspokaja potrzeby oraz rozwija indywidualne mo\u017cliwo\u015bci i talenty,<\/li>\n<li>Tworzy warunki do indywidualnego i wszechstronnego rozwoju, nabywania przez dzieci wiadomo\u015bci i umiej\u0119tno\u015bci, kt\u00f3rych celem jest osi\u0105gni\u0119cie przez wychowank\u00f3w stanu gotowo\u015bci do podj\u0119cia nauki w szkole podstawowej,<\/li>\n<li>Plac\u00f3wka buduje \u015brodowisko spo\u0142eczne dziecka, kszta\u0142tuje jego postawy moralne oraz uczy odr\u00f3\u017cniania dobra od z\u0142a,<\/li>\n<li>Kieruje si\u0119 zasadami wynikaj\u0105cymi z <em>Konwencji o prawach dziecka<\/em>. Wspiera dzia\u0142ania wychowawcze i edukacyjne rodzic\u00f3w,<\/li>\n<li>Promuje zachowania przyjazne przyrodzie, a tak\u017ce buduje poczucie to\u017csamo\u015bci regionalnej i narodowej.<\/li>\n<\/ul>\n<p>&nbsp;<\/p>\n<p>&nbsp;<\/p>\n<p>NASZEJ PRACY TOWARZYSZY MOTTO:<\/p>\n<p>&nbsp;<\/p>\n<p><em>\u201c Jeste\u015bmy ma\u0142ymi Europejczykami, wyruszamy w podr\u00f3\u017c naszego \u017cycia <\/em><\/p>\n<p><em>po otwartych drogach \u015bwiata\u201d<\/em><\/p>\n<h4>3.Wizja plac\u00f3wki<\/h4>\n<p>&nbsp;<\/p>\n<p>Przedszkole nr 14 jest plac\u00f3wk\u0105 nastawion\u0105 na szeroko rozumiany rozw\u00f3j dziecka, tak aby pozna\u0142o rado\u015b\u0107 p\u0142yn\u0105c\u0105 z zabawy, nauczy\u0142o si\u0119 nawi\u0105zywa\u0107 relacje z innymi dzie\u0107mi, z przyjemno\u015bci\u0105 odkrywa\u0142o i rozumia\u0142o otaczaj\u0105cy go \u015bwiat, nauczy\u0142o si\u0119 samodzielno\u015bci, zasad bezpiecze\u0144stwa oraz radzenia sobie z trudno\u015bciami, pozna\u0142o nowe do\u015bwiadczenia i odnosi\u0142o sukcesy. Ka\u017cdemu dziecku stwarzamy szans\u0119 na miar\u0119 jego mo\u017cliwo\u015bci. D\u0105\u017cymy do tego, aby nasi wychowankowie osi\u0105gn\u0119li gotowo\u015b\u0107 szkoln\u0105 i odnosili sukcesy w szkole. Dbamy o potrzeby psychiczne i fizyczne dzieci oraz ich rodzic\u00f3w. Rodzice czynnie uczestnicz\u0105 w \u017cyciu przedszkola.<\/p>\n<p><strong>O naszej plac\u00f3wce<\/strong><\/p>\n<p>&nbsp;<\/p>\n<p>Przedszkole zatrudnia dwudziestu dw\u00f3ch pracownik\u00f3w w tym trzynastu nauczycieli (w tym o\u015bmioro pracuj\u0105cych w pe\u0142nym wymiarze godzin dydaktycznych) i dziewi\u0119ciu pracownik\u00f3w obs\u0142ugi i administracji. Kadra pedagogiczna posiada wysokie kwalifikacje pedagogiczne w\u00a0zakresie wychowania przedszkolnego, a tak\u017ce\u00a0 kwalifikacje specjalistyczne: specjalista w zakresie terapii pedagogicznej, logopeda, specjalista w zakresie gimnastyki korekcyjnej.<\/p>\n<p>W celu tworzenia nowych perspektyw rozwoju i zaspakajania potrzeb plac\u00f3wki powo\u0142uje si\u0119 r\u00f3\u017cne zespo\u0142y zadaniowe.<\/p>\n<p>Kadra tworzy \u017cyczliw\u0105 atmosfer\u0119 wsp\u00f3\u0142dzia\u0142ania opart\u0105 na wypracowanym przez siebie kodeksie etyki zawodowej. Sprawno\u015b\u0107 organizacyjna plac\u00f3wki oparta jest na statucie oraz systemie czytelnych procedur i\u00a0regulamin\u00f3w. Dyrektor motywuje nauczycieli do pracy na wysokim poziomie poprzez uruchomienie procedury oceniania i nagradzania.<\/p>\n<p>Budynek naszego przedszkola zosta\u0142 oddany do u\u017cytku w 1960 roku. Mie\u015bci\u0142o si\u0119 w nim przedszkole i \u017c\u0142obek pod zarz\u0105dem WZCH \u201e Chemitex\u201d. W 1997 budynek odp\u0142atnie przekazano Urz\u0119dowi Miasta. Po reorganizacji powsta\u0142 Zesp\u00f3\u0142 \u017b\u0142obkowo &#8211; Przedszkolny. W skutek lipcowej powodzi w 1997 r. budynek uleg\u0142 zniszczeniu. Po trwaj\u0105cym ponad trzy lata remoncie\u00a0 Zesp\u00f3\u0142 wznowi\u0142 swoj\u0105 dzia\u0142alno\u015b\u0107. Powsta\u0142a plac\u00f3wka o wysokim standardzie. Obecnie jest to plac\u00f3wka sk\u0142adaj\u0105ca si\u0119 z czterech oddzia\u0142\u00f3w gdzie przebywaj\u0105 dzieci od 3-ch do 6-ciu lat. Uchwa\u0142\u0105 Rady Miejskiej Wroc\u0142awia Nr LIII\/1329\/14 z dnia 23 stycznia 2014,z dniem 1. 09. 2014 Z\u017bP Nr 2 zosta\u0142 przekszta\u0142cony w Przedszkole nr 14 Kowaliki.<\/p>\n<p>Pomieszczenia przedszkolne i ich wyposa\u017cenie, w tym \u015brodki dydaktyczne, pozwalaj\u0105 na realizacj\u0119 podstawy programowej, przyj\u0119tych program\u00f3w oraz koncepcji pracy przedszkola. Nowoczesne meble i\u00a0k\u0105ciki zainteresowa\u0144, a tak\u017ce atrakcyjne zabawki zach\u0119caj\u0105 dzieci do swobodnej zabawy. Niew\u0105tpliwie ogromnym atutem plac\u00f3wki jest olbrzymi ogr\u00f3d przedszkolny w pe\u0142ni spe\u0142niaj\u0105cy wymogi bezpiecze\u0144stwa, sprzyjaj\u0105cy zabawom na \u015bwie\u017cym powietrzu oraz prowadzeniu obserwacji przyrodniczych.<\/p>\n<p>Warunki pracy:<\/p>\n<p>&nbsp;<\/p>\n<ul>\n<li>Nasze przedszkole jest kolorowe i dostosowane do grup wiekowych. Sale wyposa\u017cone s\u0105 w nowoczesny sprz\u0119t gimnastyczny i muzyczny, nowe meble w starszych grupach, pomoce dydaktyczne i bezpieczne zabawki. Ogr\u00f3d przedszkolny, przy wsp\u00f3\u0142pracy z rodzicami, zosta\u0142 wyposa\u017cony w atrakcyjne urz\u0105dzenia do zabawy dla dzieci.<\/li>\n<li>Dzi\u0119ki skutecznej promocji nasze przedszkole ma dobra opini\u0119 w \u015brodowisku lokalnym. Dobra baza, wyposa\u017cenie, estetyka pomieszcze\u0144 i otoczenia dope\u0142nia dzia\u0142ania dydaktyczno &#8211; wychowawcze i wp\u0142ywa na wysok\u0105 ocen\u0119. Plac\u00f3wka inwestuje w nauczycieli, pracownik\u00f3w, baz\u0119 lokalow\u0105, a zyskuj\u0105 na tym przede wszystkim dzieci. Przedszkole jest zarz\u0105dzane w spos\u00f3b sprawny i nowoczesny, a pracownicy maj\u0105 satysfakcj\u0119 ze swojej pracy.<\/li>\n<\/ul>\n<p>&nbsp;<\/p>\n<ol start=\"4\">\n<li><strong> Model Absolwenta naszego przedszkola<\/strong><\/li>\n<\/ol>\n<ul>\n<li>posiada wiedz\u0119 i umiej\u0119tno\u015bci okre\u015blone w podstawie programowej,<\/li>\n<li>jest samodzielny,<\/li>\n<li>interesuje si\u0119 nauk\u0105 i technik\u0105,<\/li>\n<li>aktywnie podejmuje dzia\u0142ania,<\/li>\n<li>zna i respektuje normy spo\u0142eczne,<\/li>\n<li>jest otwarty na potrzeby innych ludzi,<\/li>\n<li>potrafi wsp\u00f3\u0142dzia\u0142a\u0107 w zespole,<\/li>\n<li>lubi dzia\u0142ania tw\u00f3rcze,<\/li>\n<li>jest wra\u017cliwy na pi\u0119kno i artystyczne formy przekazu,<\/li>\n<li>zna i akceptuje zasady zdrowego stylu \u017cycia,<\/li>\n<li>posiada bogat\u0105 wiedz\u0119 o \u015brodowisku przyrodniczym,<\/li>\n<li>wykazuje gotowo\u015b\u0107 do dzia\u0142ania na rzecz \u015brodowiska przyrodniczego,<\/li>\n<\/ul>\n<p>ma poczucie bycia Polakiem i Europejczykiem<\/p>\n<p><strong>\u00a0<\/strong><\/p>\n<p><strong>\u00a0<\/strong><\/p>\n<p><strong>Dziecko ma prawo do: <\/strong><\/p>\n<p>&nbsp;<\/p>\n<ul>\n<li>\u017bycia i rozwoju<\/li>\n<li>Swobodnej my\u015bli, sumienia i wyznania,<\/li>\n<li>Aktywnej, serdecznej mi\u0142o\u015bci i ciep\u0142a,<\/li>\n<li>Spokoju i samotno\u015bci, gdy tego chce<\/li>\n<li>Snu lub wypoczynku, je\u015bli jest zm\u0119czone,<\/li>\n<li>Indywidualnego procesu rozwoju i w\u0142asnego tempa tego rozwoju,<\/li>\n<li>Pomocy i ochrony przy pokonywaniu prze\u017cy\u0107 wywo\u0142anych przemoc\u0105<\/li>\n<li>Wypowiedzi i aktywnej dyskusji z doros\u0142ymi i dzie\u0107mi<\/li>\n<li>Zabawy i wyboru towarzyszy zabawy<\/li>\n<li>Pomocy ze strony doros\u0142ych i kontakt\u00f3w z nimi na zasadzie r\u00f3wnouprawnienia<\/li>\n<li>Nauki, informacji, badania i eksperymentowania<\/li>\n<li>O\u015bwiadczania konsekwencji swojego zachowania<\/li>\n<li>Zdrowego \u017cywienia<\/li>\n<\/ul>\n<p>&nbsp;<\/p>\n<h4>5. Rola nauczyciela naszego przedszkola<\/h4>\n<p>&nbsp;<\/p>\n<ul>\n<li>Wychowankowie maj\u0105 w nauczycielach wsparcie, a ka\u017cdemu dziecku zapewniaj\u0105 podmiotowe traktowanie i dbaj\u0105 o jego wielostronny rozw\u00f3j.<\/li>\n<\/ul>\n<p>&nbsp;<\/p>\n<ul>\n<li>Pedagodzy w naszym przedszkolu wsp\u00f3\u0142pracuj\u0105 ze sob\u0105 i dziel\u0105 si\u0119 zdobyt\u0105 wiedz\u0105. Pogodna atmosfera w przedszkolu i \u017cyczliwi nauczyciele umiej\u0119tnie otaczaj\u0105 opiek\u0105 wszystkie dzieci.<\/li>\n<\/ul>\n<p>&nbsp;<\/p>\n<ul>\n<li>Nauczycielki znaj\u0105 potrzeby i zainteresowania dzieci oraz posiadaj\u0105 umiej\u0119tno\u015b\u0107 atrakcyjnego prowadzenia zaj\u0119\u0107. Konstruuj\u0105 ciekawe i bogate oferty zabaw i zada\u0144, s\u0105 dobrze przygotowane merytorycznie, metodycznie. Poszukuj\u0105 innowacyjnych rozwi\u0105za\u0144, maj\u0105 wysokie kwalifikacje, pracuj\u0105 z pasj\u0105 ci\u0105gle doskonal\u0105c swoje umiej\u0119tno\u015bci.<\/li>\n<\/ul>\n<p>&nbsp;<\/p>\n<ul>\n<li>Nauczycielki pisz\u0105 programy w\u0142asne oraz w\u0142\u0105czaj\u0105 si\u0119 w programy dla przedszkoli organizowane przez instytucje zewn\u0119trzne np. Urz\u0105d Marsza\u0142kowski, Urz\u0105d Miejski, DODN itp.<\/li>\n<\/ul>\n<p>&nbsp;<\/p>\n<ul>\n<li>Nauczycielki \u015bci\u015ble wsp\u00f3\u0142pracuj\u0105 z rodzicami, uwzgl\u0119dniaj\u0105 ich potrzeby i oczekiwania. Anga\u017cuj\u0105 rodzic\u00f3w do pracy na rzecz przedszkola. Rodzice s\u0105 naszymi sojusznikami, a dzia\u0142ania nasze s\u0105 skoordynowane.<\/li>\n<\/ul>\n<p>&nbsp;<\/p>\n<ul>\n<li>Poszczeg\u00f3lne zespo\u0142y zadaniowe monitoruj\u0105 procesy zachodz\u0105ce w przedszkolu i udoskonalaj\u0105 je z wykorzystaniem nowoczesnej wiedzy i w\u0142asnych do\u015bwiadcze\u0144. Dyrektor i nauczyciele dbaj\u0105 o sprawno\u015b\u0107 systemu i w\u0142a\u015bciwe wykorzystanie zasob\u00f3w. Ponadto nauczyciele wsp\u00f3\u0142pracuj\u0105 ze sob\u0105 na co dzie\u0144, prowadz\u0105 zaj\u0119cia kole\u017ce\u0144skie, dziel\u0105 si\u0119 wiedz\u0105 i do\u015bwiadczeniem w ramach WDN-u.<\/li>\n<\/ul>\n<p>&nbsp;<\/p>\n<ul>\n<li>Wszyscy pracownicy naszej plac\u00f3wki wsp\u00f3\u0142dzia\u0142aj\u0105 ze sob\u0105. Tworz\u0105 przyjazn\u0105 atmosfer\u0119, dzi\u0119ki kt\u00f3rej dzieci czuj\u0105 si\u0119 akceptowane i bezpieczne.<\/li>\n<\/ul>\n<h4>6. Wykaz metod pracy stosowanych w przedszkolu<\/h4>\n<p>&nbsp;<\/p>\n<p><strong>\u00a0\u00a0\u00a0\u00a0\u00a0\u00a0\u00a0\u00a0\u00a0\u00a0\u00a0 S\u0105 to metody czynne, s\u0142owne, ogl\u0105dowe. Prym wiod\u0105 metody aktywizuj\u0105ce i tw\u00f3rcze. Metody, kt\u00f3rymi pos\u0142uguj\u0105 si\u0119 nauczyciele opieraj\u0105 si\u0119 na metodyce wychowania przedszkolnego. To metody nowoczesne i zapewniaj\u0105ce wychowankom atrakcyjny, tw\u00f3rczy i aktywny spos\u00f3b na osi\u0105ganie sukces\u00f3w rozwojowych. S\u0105 to mi\u0119dzy innymi:<\/strong><\/p>\n<p>&nbsp;<\/p>\n<ol>\n<li>Metody dydaktyczne\u00a0 (g\u0142\u00f3wnie aktywizuj\u0105ce).<\/li>\n<li>Metody wychowawcze.<\/li>\n<li>Zabawy paluszkowe i inne.<\/li>\n<li>Gimnastyka rytmiczna.<\/li>\n<li>Elementy metody ruchu rozwijaj\u0105cego.<\/li>\n<li>Elementy Metody Dobrego Startu.<\/li>\n<li>Elementy pedagogiki zabawy &#8211; Klanza.<\/li>\n<li>Relaksacja.<\/li>\n<\/ol>\n<p>9.Bajkoterapia.<\/p>\n<ol start=\"10\">\n<li>Elementy metody ekspresji ruchowej.<\/li>\n<li>Elementy metody prof. E. Gruszczyk &#8211; Kolczy\u0144skiej, czyli zabawy i zaj\u0119cia z obszaru edukacji matematycznej.<\/li>\n<li>Elementy Kinezjologii edukacyjnej Dennisona &#8211; gimnastyka m\u00f3zgu.<\/li>\n<li>Opowie\u015b\u0107 ruchowa.<\/li>\n<li>Metody wykorzystywane w terapii, np. w terapii r\u0119ki i inne.<\/li>\n<\/ol>\n<p><strong>\u00a0<\/strong><\/p>\n<p><strong>\u00a0<\/strong><\/p>\n<ol start=\"7\">\n<li><strong> Przedszkolny zestaw program\u00f3w<\/strong><\/li>\n<\/ol>\n<p>Ka\u017cdego roku w przedszkolu w oparciu o opini\u0119 metodyk\u00f3w, nauczycieli zatwierdzane s\u0105 programy edukacyjno &#8211; wychowawcze, kt\u00f3re s\u0105 zgodne z aktualn\u0105 podstaw\u0105 programow\u0105 wychowania przedszkolnego zatwierdzon\u0105 przez MEiN.<\/p>\n<p>Programy realizowane obecnie w przedszkolu to:<\/p>\n<p>Program wychowanie przedszkolnego: \u201eZabawy z porami roku\u201d, wyd. Podr\u0119cznikarnia,<\/p>\n<p>Opr\u00f3cz obowi\u0105zuj\u0105cego programu realizowane s\u0105 dodatkowe programy i projekty w\u0142asne:<\/p>\n<p>Program wychowawczo-profilaktyczny,<\/p>\n<p>\u201eRadosne dziecko-spokojny rodzic\u201d \u2013 program adaptacyjny,<\/p>\n<p>Program zaj\u0119\u0107 ruchowych z elementami gimnastyki korekcyjno-kompensacyjnej dla dzieci w wieku przedszkolnym,<\/p>\n<p>Projekt edukacyjny \u201eMa\u0142y Europejczyk\u201d,<\/p>\n<p>Projekt edukacyjny \u201eW uk\u0142adzie s\u0142onecznym\u201d<\/p>\n<p>Przedszkole uczestniczy w zewn\u0119trznych programach i projektach np. tj. \u201eDzieci ucz\u0105 rodzic\u00f3w\u201d, wsp\u00f3\u0142praca z Instytutem Pami\u0119ci Narodowej. Efektem tych dzia\u0142a\u0144 w ostatnich latach by\u0142o otrzymanie r\u00f3\u017cnych tytu\u0142\u00f3w, dyplom\u00f3w i podzi\u0119kowa\u0144.<\/p>\n<ol start=\"8\">\n<li><strong> Priorytety w pracy przedszkola:<\/strong><\/li>\n<\/ol>\n<p>&nbsp;<\/p>\n<ul>\n<li>Wysoka Jako\u015b\u0107 pracy kadry pedagogicznej i pomocniczej,<\/li>\n<\/ul>\n<p>&nbsp;<\/p>\n<ul>\n<li>Sprzyjaj\u0105ce warunki rozwoju dzieci,<\/li>\n<\/ul>\n<p>&nbsp;<\/p>\n<ul>\n<li>\u017byczliwa atmosfera,<\/li>\n<\/ul>\n<p>&nbsp;<\/p>\n<ul>\n<li>Przemy\u015blana oferta edukacyjna,<\/li>\n<\/ul>\n<p>&nbsp;<\/p>\n<ul>\n<li>Dobre kontakty z rodzicami,<\/li>\n<\/ul>\n<p>&nbsp;<\/p>\n<ul>\n<li>W\u0142a\u015bciwe zarz\u0105dzanie<\/li>\n<\/ul>\n<p>&nbsp;<\/p>\n<ul>\n<li>Prowadzenie procedury pomocy psychologiczno \u2013 pedagogicznej<\/li>\n<\/ul>\n<p>&nbsp;<\/p>\n<ul>\n<li>Prowadzenie ewaluacji wewn\u0119trznej pracy przedszkola<\/li>\n<\/ul>\n<p>&nbsp;<\/p>\n<ol start=\"9\">\n<li><strong> G\u0142\u00f3wne zadania na lata 2024-2029<\/strong><\/li>\n<\/ol>\n<p>&nbsp;<\/p>\n<ol>\n<li>\u201ePrzedszkolak przyjacielem Ziemi\u201d \u2013 kszta\u0142towanie \u015bwiadomo\u015bci ekologicznej dziecka.<\/li>\n<\/ol>\n<p>&nbsp;<\/p>\n<ol>\n<li>\u201eW zdrowym ciele zdrowy duch\u201d\n<ul>\n<li>dbam o swoje bezpiecze\u0144stwo psychiczne i fizyczne,<\/li>\n<li>dbam o swoje zdrowie, chc\u0119 by\u0107 wysportowany;<\/li>\n<\/ul>\n<\/li>\n<\/ol>\n<p>&nbsp;<\/p>\n<ul>\n<li>\u201eDu\u017cy \u015bwiat ma\u0142ego Europejczyka\u201d \u2013 budowanie postaw otwarto\u015bci dziecka na\u00a0\u00a0\u00a0\u00a0\u00a0 innowacje\u00a0 \u00a0 Nauka j\u0119zyk\u00f3w obcych.<\/li>\n<\/ul>\n<p>&nbsp;<\/p>\n<ol>\n<li>\u201eDziecko odbiorc\u0105 i tw\u00f3rc\u0105 sztuki\u201d \u2013 rozwijanie r\u00f3\u017cnorodnej tw\u00f3rczo\u015bci, indywidualna\u00a0 praca z ma\u0142ym tw\u00f3rc\u0105. Realizowanie strategii edukacyjnej Wroc\u0142awia \u2013 zaj\u0119cia w przestrzeni miejskiej.<\/li>\n<\/ol>\n<p>&nbsp;<\/p>\n<ol>\n<li>\u201eNie wstydz\u0119 si\u0119 by\u0107 Polakiem\u201d \u2013 wychowywanie dzieci w duchu patriotyzmu i najwa\u017cniejszych warto\u015bci kultury polskiej.<\/li>\n<li>\u201eAkademia wychowania\u201d- wspieranie rodzic\u00f3w w trudnej sztuce wychowania. Aktualizacja i doskonalenie systemu pomocy psychologiczno-pedagogicznej.<\/li>\n<\/ol>\n<p>&nbsp;<\/p>\n<p>Kolejne cele plac\u00f3wki b\u0119d\u0105 uzupe\u0142niane metod\u0105 planowania krocz\u0105cego, tj. dopisywane co roku.[\/vc_wp_text][\/vc_accordion_tab][vc_accordion_tab title=&#8221;Kadra&#8221; cms_accordion_bg_color=&#8221;#e2c400&#8243; cms_accordion_border_color=&#8221;#e2c400&#8243;][vc_wp_text]<\/p>\n<p style=\"text-align: justify\">Przedszkole zatrudnia dwudziestu pracownik\u00f3w w tym dwunastu nauczycieli (w tym o\u015bmioro pracuj\u0105cych w pe\u0142nym wymiarze godzin dydaktycznych) i dziesi\u0119ciu pracownik\u00f3w obs\u0142ugi i administracji. Kadra pedagogiczna posiada wysokie kwalifikacje pedagogiczne w\u00a0zakresie wychowania przedszkolnego, a tak\u017ce kwalifikacje specjalistyczne: specjalista w zakresie terapii pedagogicznej, logopeda, specjalista w zakresie gimnastyki korekcyjnej.<\/p>\n<p>[\/vc_wp_text][\/vc_accordion_tab][\/vc_accordion][\/vc_column][\/vc_row][vc_column][vc_column_text]<br \/>\n[\/vc_column_text][\/vc_column][vc_column_text]<br \/>\n[\/vc_column_text]<\/p>\n<\/div>","protected":false},"excerpt":{"rendered":"<p>[vc_row][vc_column][vc_column_text css=&#8221;&#8221;] Budynek naszego zespo\u0142u zosta\u0142 oddany do u\u017cytku w 1960 roku. Mie\u015bci\u0142o si\u0119 w nim przedszkole i \u017c\u0142obek pod zarz\u0105dem WZCH \u201e Chemitex\u201d. W 1997 budynek odp\u0142atnie przekazano Urz\u0119dowi [&hellip;]<\/p>\n","protected":false},"author":7,"featured_media":0,"parent":0,"menu_order":0,"comment_status":"closed","ping_status":"open","template":"","meta":{"ngg_post_thumbnail":0,"footnotes":""},"class_list":["post-2","page","type-page","status-publish","hentry","clearfix"],"_links":{"self":[{"href":"https:\/\/przedszkole14.edu.wroclaw.pl\/index.php\/wp-json\/wp\/v2\/pages\/2","targetHints":{"allow":["GET"]}}],"collection":[{"href":"https:\/\/przedszkole14.edu.wroclaw.pl\/index.php\/wp-json\/wp\/v2\/pages"}],"about":[{"href":"https:\/\/przedszkole14.edu.wroclaw.pl\/index.php\/wp-json\/wp\/v2\/types\/page"}],"author":[{"embeddable":true,"href":"https:\/\/przedszkole14.edu.wroclaw.pl\/index.php\/wp-json\/wp\/v2\/users\/7"}],"replies":[{"embeddable":true,"href":"https:\/\/przedszkole14.edu.wroclaw.pl\/index.php\/wp-json\/wp\/v2\/comments?post=2"}],"version-history":[{"count":50,"href":"https:\/\/przedszkole14.edu.wroclaw.pl\/index.php\/wp-json\/wp\/v2\/pages\/2\/revisions"}],"predecessor-version":[{"id":1903,"href":"https:\/\/przedszkole14.edu.wroclaw.pl\/index.php\/wp-json\/wp\/v2\/pages\/2\/revisions\/1903"}],"wp:attachment":[{"href":"https:\/\/przedszkole14.edu.wroclaw.pl\/index.php\/wp-json\/wp\/v2\/media?parent=2"}],"curies":[{"name":"wp","href":"https:\/\/api.w.org\/{rel}","templated":true}]}}