
{"id":299,"date":"2019-02-26T09:14:53","date_gmt":"2019-02-26T08:14:53","guid":{"rendered":"https:\/\/przedszkole14.edu.wroclaw.pl\/?page_id=299"},"modified":"2026-01-26T12:53:11","modified_gmt":"2026-01-26T11:53:11","slug":"rodo","status":"publish","type":"page","link":"https:\/\/przedszkole14.edu.wroclaw.pl\/index.php\/rodo\/","title":{"rendered":"RODO"},"content":{"rendered":"<div class=\"wpb-content-wrapper\"><p>[vc_row][vc_column][vc_column_text css=&#8221;&#8221;]<\/p>\n<p><a href=\"https:\/\/przedszkole14.edu.wroclaw.pl\/wp-content\/uploads\/sites\/23\/2026\/01\/Zal.-7.-Klauzula-zlozenie-pisma-w-placowce.pdf\">Za\u0142. 7. Klauzula &#8211; z\u0142o\u017cenie pisma w plac\u00f3wce<\/a><\/p>\n<p><a href=\"https:\/\/przedszkole14.edu.wroclaw.pl\/wp-content\/uploads\/sites\/23\/2026\/01\/Zal.-7a.-Klauzula-zlozenie-pisma-wersja-skrocona.pdf\">Za\u0142. 7a. Klauzula &#8211; z\u0142o\u017cenie pisma <\/a><\/p>\n<p><a href=\"https:\/\/przedszkole14.edu.wroclaw.pl\/wp-content\/uploads\/sites\/23\/2026\/01\/Zal.-7b.-Klauzula-postepowanie-administracyjne.pdf\">Za\u0142. 7b. Klauzula post\u0119powanie administracyjne<\/a><\/p>\n<p><a href=\"https:\/\/przedszkole14.edu.wroclaw.pl\/wp-content\/uploads\/sites\/23\/2026\/01\/Zal.-7c.-Klauzula-korespondencja-elektroniczna.pdf\">Za\u0142. 7c. Klauzula &#8211; korespondencja elektroniczna<\/a><\/p>\n<p><a href=\"https:\/\/przedszkole14.edu.wroclaw.pl\/wp-content\/uploads\/sites\/23\/2026\/01\/Zal.-7d.-Klauzula-stopka-mailowa.pdf\">Za\u0142. 7d. Klauzula &#8211; stopka mailowa<\/a><\/p>\n<p><a href=\"https:\/\/przedszkole14.edu.wroclaw.pl\/wp-content\/uploads\/sites\/23\/2026\/01\/Zal.-7e.-Klauzula-strona-www.pdf\">Za\u0142. 7e. Klauzula &#8211; strona www<\/a><\/p>\n<p><a href=\"https:\/\/przedszkole14.edu.wroclaw.pl\/wp-content\/uploads\/sites\/23\/2026\/01\/Zal.-7f.-Klauzula-umowa.pdf\">Za\u0142. 7f. Klauzula &#8211; umowa<\/a><\/p>\n<p><a href=\"https:\/\/przedszkole14.edu.wroclaw.pl\/wp-content\/uploads\/sites\/23\/2026\/01\/Zal.-7g.-Klauzula-zamowienia-publiczne.pdf\">Za\u0142. 7g. Klauzula &#8211; zam\u00f3wienia publiczne<\/a><\/p>\n<p><a href=\"https:\/\/przedszkole14.edu.wroclaw.pl\/wp-content\/uploads\/sites\/23\/2026\/01\/Zal.-7h.-Klauzula-umowa-najmu.pdf\">Za\u0142. 7h. Klauzula &#8211; umowa najmu<\/a><\/p>\n<p><a href=\"https:\/\/przedszkole14.edu.wroclaw.pl\/wp-content\/uploads\/sites\/23\/2026\/01\/Zal.-7j.-Kauzula-wolontariusz.pdf\">Za\u0142. 7j. Klauzula &#8211; wolontariusz<\/a><\/p>\n<p><a href=\"https:\/\/przedszkole14.edu.wroclaw.pl\/wp-content\/uploads\/sites\/23\/2026\/01\/Zal.-7k.-Klauzula-rekrutacja-pracownika.pdf\">Za\u0142. 7k. Klauzula &#8211; rekrutacja pracownika<\/a><\/p>\n<p><a href=\"https:\/\/przedszkole14.edu.wroclaw.pl\/wp-content\/uploads\/sites\/23\/2026\/01\/Zal.-7l.-Klauzula-pracownik-nauczyciel.pdf\">Za\u0142. 7l. Klauzula &#8211; pracownik &#8211; nauczyciel<\/a><\/p>\n<p><a href=\"https:\/\/przedszkole14.edu.wroclaw.pl\/wp-content\/uploads\/sites\/23\/2026\/01\/Zal.-7m.-Klauzula-pracownik-samorzadowy.pdf\">Za\u0142. 7m. Klauzula &#8211; pracownik samorz\u0105dowy<\/a><\/p>\n<p><a href=\"https:\/\/przedszkole14.edu.wroclaw.pl\/wp-content\/uploads\/sites\/23\/2026\/01\/Zal.-7n.-Klauzula-edukacja-dziecka-w-placowce.pdf\">Za\u0142. 7n. Klauzula &#8211; edukacja dziecka w plac\u00f3wce<\/a><\/p>\n<p><a href=\"https:\/\/przedszkole14.edu.wroclaw.pl\/wp-content\/uploads\/sites\/23\/2026\/01\/Zal.-7o.-Klauzula-ewidencja-wejsc-i-wyjsc.pdf\">Za\u0142. 7o. Klauzula &#8211; ewidencja wej\u015b\u0107 i wyj\u015b\u0107<\/a><\/p>\n<p><a href=\"https:\/\/przedszkole14.edu.wroclaw.pl\/wp-content\/uploads\/sites\/23\/2026\/01\/Zal.-7p.-Klauzula-opiekun-wycieczki.pdf\">Za\u0142. 7p. Klauzula &#8211; opiekun wycieczki<\/a><\/p>\n<p><a href=\"https:\/\/przedszkole14.edu.wroclaw.pl\/wp-content\/uploads\/sites\/23\/2026\/01\/Zal.-7r.-Klauzula-przyjecie-dziecka-w-ramach-dyzuru-wakacyjnego.pdf\">Za\u0142. 7r. Klauzula &#8211; przyj\u0119cie dziecka w ramach dy\u017curu wakacyjnego<\/a><\/p>\n<p><a href=\"https:\/\/przedszkole14.edu.wroclaw.pl\/wp-content\/uploads\/sites\/23\/2026\/01\/Zal.-7s-Klauzula-praca-spolecznie-uzyteczna.pdf\">Za\u0142. 7s Klauzula &#8211; praca spo\u0142ecznie u\u017cyteczna<\/a><\/p>\n<p>[\/vc_column_text][\/vc_column][\/vc_row]<\/p>\n<\/div>","protected":false},"excerpt":{"rendered":"<p>[vc_row][vc_column][vc_column_text css=&#8221;&#8221;] Za\u0142. 7. Klauzula &#8211; z\u0142o\u017cenie pisma w plac\u00f3wce Za\u0142. 7a. Klauzula &#8211; z\u0142o\u017cenie pisma Za\u0142. 7b. Klauzula post\u0119powanie administracyjne Za\u0142. 7c. Klauzula &#8211; korespondencja elektroniczna Za\u0142. 7d. Klauzula [&hellip;]<\/p>\n","protected":false},"author":15,"featured_media":0,"parent":0,"menu_order":0,"comment_status":"closed","ping_status":"closed","template":"","meta":{"ngg_post_thumbnail":0,"footnotes":""},"class_list":["post-299","page","type-page","status-publish","hentry","clearfix"],"_links":{"self":[{"href":"https:\/\/przedszkole14.edu.wroclaw.pl\/index.php\/wp-json\/wp\/v2\/pages\/299","targetHints":{"allow":["GET"]}}],"collection":[{"href":"https:\/\/przedszkole14.edu.wroclaw.pl\/index.php\/wp-json\/wp\/v2\/pages"}],"about":[{"href":"https:\/\/przedszkole14.edu.wroclaw.pl\/index.php\/wp-json\/wp\/v2\/types\/page"}],"author":[{"embeddable":true,"href":"https:\/\/przedszkole14.edu.wroclaw.pl\/index.php\/wp-json\/wp\/v2\/users\/15"}],"replies":[{"embeddable":true,"href":"https:\/\/przedszkole14.edu.wroclaw.pl\/index.php\/wp-json\/wp\/v2\/comments?post=299"}],"version-history":[{"count":18,"href":"https:\/\/przedszkole14.edu.wroclaw.pl\/index.php\/wp-json\/wp\/v2\/pages\/299\/revisions"}],"predecessor-version":[{"id":2276,"href":"https:\/\/przedszkole14.edu.wroclaw.pl\/index.php\/wp-json\/wp\/v2\/pages\/299\/revisions\/2276"}],"wp:attachment":[{"href":"https:\/\/przedszkole14.edu.wroclaw.pl\/index.php\/wp-json\/wp\/v2\/media?parent=299"}],"curies":[{"name":"wp","href":"https:\/\/api.w.org\/{rel}","templated":true}]}}